NOAA-Style Climate Reports


Report for 2022 Sierpień
                   Monthly Climatological Summary for sie 2022

Name: Meteo Bielsko   City: Bielsko-Biala   State: Stare Bielsko
Elevation: 365 m  Lat: N 49° 49' 11"   Lon: E 018° 59' 24"

                  Temperature (°C), Rain (mm), Wind Speed (km/h)

                                      Heat  Cool        Avg
    Mean                              Deg   Deg         Wind                 Dom
Day Temp  High   Time   Low    Time   Days  Days  Rain  Speed High   Time    Dir
----------------------------------------------------------------------------------
 1  19,4  27,7   16:41  11,6   05:20   1,8   2,9   0,0   0,0   0,0   00:00     E
 2  21,0  28,4   15:31  16,1   23:50   0,3   3,0   0,0   0,0   0,0   00:00     E
 3  22,0  30,9   15:27  14,0   05:11   1,1   4,8   0,0   0,0   0,0   00:00     E
 4  23,8  32,3   13:22  14,8   04:00   0,5   6,1   0,0   0,0   0,0   00:00     E
 5  26,8  36,5   15:57  18,2   06:02   0,0   8,6   0,0   0,0   0,0   00:00     E
 6  18,2  22,4   00:11  15,3   23:55   1,2   1,1   0,0   0,0   0,0   00:00     E
 7  16,9  23,0   14:39  12,3   23:42   2,1   0,8   0,0   0,0   0,0   00:00     E
 8  17,6  24,4   13:38  12,3   00:00   2,3   1,6   0,0   0,0   0,0   00:00     E
 9  19,3  26,4   14:23  13,2   00:00   1,6   2,6   0,0   0,0   0,0   00:00     E
10  18,4  26,8   16:15  11,3   05:42   2,5   2,6   0,0   0,0   0,0   00:00     E
11  16,7  27,0   15:24  10,2   05:25   3,0   1,4   0,0   0,0   0,0   00:00     E
----------------------------------------------------------------------------------
    20,0  36,5     5    10,2    11    16,4  35,5   0,0   0,0   0,0     0     ---

Max >=  27,0:  6
Max <=   0,0:  0
Min <=   0,0:  0
Min <= -18,0:  0
Max Rain: 0,0 on day 0
Days of Rain: 0 (>= 0,2 mm)  0 (>= 2,0 mm)  0 (>= 20,0 mm)
Heat Base: 18,3  Cool Base: 18,3  Method: Integration