NOAA-Style Climate Reports
Select a Year or Month report
2024: Sty Lut Mar Kwi Maj Cze Lip Sie Wrz Paź Lis Gru
2023: Sty Lut Mar Kwi Maj Cze Lip Sie Wrz Paź Lis Gru
2022: Sty Lut Mar Kwi Maj Cze Lip Sie Wrz Paź Lis Gru
2021: Sty Lut Mar Kwi Maj Cze Lip Sie Wrz Paź Lis Gru
2020: Sty Lut Mar Kwi Maj Cze Lip Sie Wrz Paź Lis Gru
2019: Sty Lut Mar Kwi Maj Cze Lip Sie Wrz Paź Lis Gru
2018: Sty Lut Mar Kwi Maj Cze Lip Sie Wrz Paź Lis Gru
2017: Sty Lut Mar Kwi Maj Cze Lip Sie Wrz Paź Lis Gru
2016: Sty Lut Mar Kwi Maj Cze Lip Sie Wrz Paź Lis Gru
2015: Sty Lut Mar Kwi Maj Cze Lip Sie Wrz Paź Lis Gru
2014: Sty Lut Mar Kwi Maj Cze Lip Sie Wrz Paź Lis Gru
2013: Sty Lut Mar Kwi Maj Cze Lip Sie Wrz Paź Lis Gru
2024: Sty Lut Mar Kwi Maj Cze Lip Sie Wrz Paź Lis Gru
2023: Sty Lut Mar Kwi Maj Cze Lip Sie Wrz Paź Lis Gru
2022: Sty Lut Mar Kwi Maj Cze Lip Sie Wrz Paź Lis Gru
2021: Sty Lut Mar Kwi Maj Cze Lip Sie Wrz Paź Lis Gru
2020: Sty Lut Mar Kwi Maj Cze Lip Sie Wrz Paź Lis Gru
2019: Sty Lut Mar Kwi Maj Cze Lip Sie Wrz Paź Lis Gru
2018: Sty Lut Mar Kwi Maj Cze Lip Sie Wrz Paź Lis Gru
2017: Sty Lut Mar Kwi Maj Cze Lip Sie Wrz Paź Lis Gru
2016: Sty Lut Mar Kwi Maj Cze Lip Sie Wrz Paź Lis Gru
2015: Sty Lut Mar Kwi Maj Cze Lip Sie Wrz Paź Lis Gru
2014: Sty Lut Mar Kwi Maj Cze Lip Sie Wrz Paź Lis Gru
2013: Sty Lut Mar Kwi Maj Cze Lip Sie Wrz Paź Lis Gru
Report for 2013 Luty
Monthly Climatological Summary for lut 2013 Name: Meteo Bielsko City: Bielsko-Biala State: Stare Bielsko Elevation: 365 m Lat: N 49° 49' 11" Lon: E 018° 59' 24" Temperature (°C), Rain (mm), Wind Speed (km/h) Heat Cool Avg Mean Deg Deg Wind Dom Day Temp High Time Low Time Days Days Rain Speed High Time Dir ---------------------------------------------------------------------------------- 1 5,2 7,8 13:43 3,7 05:44 13,1 0,0 0,0 18,9 42,8 08:13 WSW 2 4,3 7,3 10:35 1,1 22:48 14,0 0,0 1,8 10,1 35,6 05:27 W 3 -0,6 1,1 00:00 -3,6 20:34 18,9 0,0 0,3 1,4 20,9 02:57 WNW 4 1,7 5,4 11:26 -1,5 02:58 16,5 0,0 2,1 12,8 42,8 20:52 WSW 5 4,3 6,5 13:13 2,4 19:10 14,0 0,0 0,3 17,3 45,4 14:42 WSW 6 1,3 3,9 12:15 -0,8 19:59 16,8 0,0 4,8 3,3 19,4 00:47 WSW 7 -1,0 1,2 13:17 -2,4 19:19 21,7 0,0 0,0 1,8 11,2 20:14 N 8 -1,2 2,7 10:39 -5,7 23:55 19,5 0,0 0,3 2,6 13,3 00:36 WNW 9 -3,1 -0,5 11:19 -6,3 00:48 21,3 0,0 0,0 5,2 17,3 11:38 ENE 10 -4,1 -2,7 11:13 -5,4 04:52 22,4 0,0 0,0 7,7 22,0 21:42 ENE 11 -3,3 0,4 15:28 -5,1 06:35 21,5 0,0 0,0 5,9 18,4 23:39 E 12 -2,6 -1,2 18:26 -4,7 04:43 20,9 0,0 0,0 8,1 20,9 00:17 E 13 -0,9 0,6 13:32 -2,1 03:52 19,2 0,0 0,0 0,7 5,0 00:53 NNW 14 -0,5 0,4 12:15 -1,4 06:03 18,8 0,0 0,0 1,9 12,2 16:46 ENE 15 0,6 3,9 11:24 -2,3 06:09 17,7 0,0 3,3 3,0 12,2 14:40 ENE 16 0,7 1,8 11:33 -0,3 21:45 16,7 0,0 0,9 0,5 78,5 21:32 WNW 17 -0,1 3,1 11:18 -2,4 23:53 15,2 0,0 0,0 6,2 17,3 14:10 ENE 18 -1,6 0,5 12:23 -3,1 06:16 19,8 0,0 0,0 3,0 11,2 00:00 NE 19 0,2 2,9 13:12 -1,9 00:00 18,1 0,0 0,0 14,0 35,6 10:52 W 20 -2,1 1,4 12:36 -5,7 23:43 20,4 0,0 0,0 8,7 22,0 11:58 W 21 -4,3 -0,1 09:56 -7,1 18:08 22,6 0,0 0,0 6,0 17,3 01:27 W 22 -4,1 -2,0 14:12 -6,5 01:20 22,4 0,0 0,0 15,8 37,8 11:57 ENE 23 -0,5 4,3 23:34 -4,1 01:22 18,8 0,0 0,3 9,9 24,5 10:34 ENE 24 3,3 9,9 11:40 1,0 04:10 15,0 0,0 1,2 8,5 24,5 12:43 E 25 2,1 4,2 13:21 0,8 04:38 16,2 0,0 0,0 5,8 24,5 02:07 ENE 26 0,9 1,6 00:00 0,4 06:38 17,4 0,0 0,3 8,1 20,9 22:48 ENE 27 1,6 3,8 15:32 -1,5 23:51 16,6 0,0 0,6 10,5 36,7 11:55 ENE 28 1,2 7,5 11:08 -3,4 05:44 17,1 0,0 0,3 4,0 12,2 12:52 NNW ---------------------------------------------------------------------------------- -0,1 9,9 24 -7,1 21 512,6 0,0 16,5 7,3 78,5 16 N Max >= 27,0: 0 Max <= 0,0: 5 Min <= 0,0: 22 Min <= -18,0: 0 Max Rain: 4,8 on day 6 Days of Rain: 13 (>= 0,2 mm) 3 (>= 2,0 mm) 0 (>= 20,0 mm) Heat Base: 18,3 Cool Base: 18,3 Method: Integration